{"id":36,"date":"2017-02-16T09:13:19","date_gmt":"2017-02-16T08:13:19","guid":{"rendered":"http:\/\/mxajfmgl.preview.infomaniak.website\/?page_id=36"},"modified":"2023-07-16T17:44:42","modified_gmt":"2023-07-16T15:44:42","slug":"accueil","status":"publish","type":"page","link":"https:\/\/lif-tattoo.com\/","title":{"rendered":"ACCUEIL"},"content":{"rendered":"<p>[et_pb_section fb_built=\u00a0\u00bb1&Prime; _builder_version=\u00a0\u00bb4.21.0&Prime; _module_preset=\u00a0\u00bbdefault\u00a0\u00bb background_color=\u00a0\u00bb#FFFFFF\u00a0\u00bb custom_margin=\u00a0\u00bb||-23px|||\u00a0\u00bb global_colors_info=\u00a0\u00bb{}\u00a0\u00bb][et_pb_row column_structure=\u00a0\u00bb2_3,1_3&Prime; _builder_version=\u00a0\u00bb4.21.0&Prime; _module_preset=\u00a0\u00bbdefault\u00a0\u00bb custom_margin=\u00a0\u00bb|auto|-54px|auto||\u00a0\u00bb global_colors_info=\u00a0\u00bb{}\u00a0\u00bb][et_pb_column type=\u00a0\u00bb2_3&Prime; _builder_version=\u00a0\u00bb4.21.0&Prime; _module_preset=\u00a0\u00bbdefault\u00a0\u00bb global_colors_info=\u00a0\u00bb{}\u00a0\u00bb][et_pb_text _builder_version=\u00a0\u00bb4.21.0&Prime; _module_preset=\u00a0\u00bbdefault\u00a0\u00bb global_colors_info=\u00a0\u00bb{}\u00a0\u00bb]<\/p>\n<p><strong>Bienvenue dans l&rsquo;univers cr\u00e9atif de Lif Tattoo<\/strong><\/p>\n<p>Install\u00e9e aux P\u00e2quis, au c\u0153ur de Gen\u00e8ve en Suisse, Lif vous accueille sur rendez-vous dans son salon, o\u00f9 elle mettra tout en \u0153uvre pour donner vie \u00e0 vos id\u00e9es et concr\u00e9tiser vos projets de tatouage.<\/p>\n<p>Que vous recherchiez un tatouage d\u00e9licat et minimaliste ou un projet plus complexe et audacieux, Lif saura donner vie \u00e0 votre vision. Son sens aiguis\u00e9 de l&rsquo;esth\u00e9tique, sa ma\u00eetrise des techniques et sa passion pour l&rsquo;art du tatouage garantissent un r\u00e9sultat final \u00e0 la hauteur de vos attentes.<\/p>\n<p>[\/et_pb_text][\/et_pb_column][et_pb_column type=\u00a0\u00bb1_3&Prime; _builder_version=\u00a0\u00bb4.21.0&Prime; _module_preset=\u00a0\u00bbdefault\u00a0\u00bb global_colors_info=\u00a0\u00bb{}\u00a0\u00bb][et_pb_image src=\u00a0\u00bbhttps:\/\/lif-tattoo.com\/wp-content\/uploads\/2023\/07\/logo-lif-tattoo.png\u00a0\u00bb title_text=\u00a0\u00bblogo-lif-tattoo\u00a0\u00bb _builder_version=\u00a0\u00bb4.21.0&Prime; _module_preset=\u00a0\u00bbdefault\u00a0\u00bb background_color=\u00a0\u00bb#FFFFFF\u00a0\u00bb global_colors_info=\u00a0\u00bb{}\u00a0\u00bb][\/et_pb_image][\/et_pb_column][\/et_pb_row][\/et_pb_section][et_pb_section fb_built=\u00a0\u00bb1&Prime; _builder_version=\u00a0\u00bb4.21.0&Prime; _module_preset=\u00a0\u00bbdefault\u00a0\u00bb background_color=\u00a0\u00bb#FFFFFF\u00a0\u00bb custom_padding=\u00a0\u00bb11px|||||\u00a0\u00bb global_colors_info=\u00a0\u00bb{}\u00a0\u00bb][et_pb_row column_structure=\u00a0\u00bb1_3,1_3,1_3&Prime; _builder_version=\u00a0\u00bb4.21.0&Prime; _module_preset=\u00a0\u00bbdefault\u00a0\u00bb global_colors_info=\u00a0\u00bb{}\u00a0\u00bb][et_pb_column type=\u00a0\u00bb1_3&Prime; _builder_version=\u00a0\u00bb4.21.0&Prime; _module_preset=\u00a0\u00bbdefault\u00a0\u00bb global_colors_info=\u00a0\u00bb{}\u00a0\u00bb][et_pb_image src=\u00a0\u00bbhttps:\/\/lif-tattoo.com\/wp-content\/uploads\/2023\/07\/Photo39-1.jpg\u00a0\u00bb title_text=\u00a0\u00bbPhoto39&Prime; _builder_version=\u00a0\u00bb4.21.0&Prime; _module_preset=\u00a0\u00bbdefault\u00a0\u00bb border_color_all=\u00a0\u00bb#b2b2b2&Prime; global_colors_info=\u00a0\u00bb{}\u00a0\u00bb][\/et_pb_image][\/et_pb_column][et_pb_column type=\u00a0\u00bb1_3&Prime; _builder_version=\u00a0\u00bb4.21.0&Prime; _module_preset=\u00a0\u00bbdefault\u00a0\u00bb global_colors_info=\u00a0\u00bb{}\u00a0\u00bb][et_pb_image src=\u00a0\u00bbhttps:\/\/lif-tattoo.com\/wp-content\/uploads\/2023\/07\/shop-01.jpg\u00a0\u00bb title_text=\u00a0\u00bbshop-01&Prime; _builder_version=\u00a0\u00bb4.21.0&Prime; _module_preset=\u00a0\u00bbdefault\u00a0\u00bb global_colors_info=\u00a0\u00bb{}\u00a0\u00bb][\/et_pb_image][\/et_pb_column][et_pb_column type=\u00a0\u00bb1_3&Prime; _builder_version=\u00a0\u00bb4.21.0&Prime; _module_preset=\u00a0\u00bbdefault\u00a0\u00bb global_colors_info=\u00a0\u00bb{}\u00a0\u00bb][et_pb_image src=\u00a0\u00bbhttps:\/\/lif-tattoo.com\/wp-content\/uploads\/2023\/07\/Photo34-1.jpg\u00a0\u00bb title_text=\u00a0\u00bbPhoto34&Prime; _builder_version=\u00a0\u00bb4.21.0&Prime; _module_preset=\u00a0\u00bbdefault\u00a0\u00bb global_colors_info=\u00a0\u00bb{}\u00a0\u00bb][\/et_pb_image][\/et_pb_column][\/et_pb_row][\/et_pb_section][et_pb_section fb_built=\u00a0\u00bb1&Prime; _builder_version=\u00a0\u00bb4.21.0&Prime; _module_preset=\u00a0\u00bbdefault\u00a0\u00bb background_color=\u00a0\u00bb#FFFFFF\u00a0\u00bb custom_padding=\u00a0\u00bb8px|||||\u00a0\u00bb global_colors_info=\u00a0\u00bb{}\u00a0\u00bb][et_pb_row column_structure=\u00a0\u00bb2_5,3_5&Prime; _builder_version=\u00a0\u00bb4.21.0&Prime; _module_preset=\u00a0\u00bbdefault\u00a0\u00bb custom_margin=\u00a0\u00bb|auto|-44px|auto||\u00a0\u00bb global_colors_info=\u00a0\u00bb{}\u00a0\u00bb][et_pb_column type=\u00a0\u00bb2_5&Prime; _builder_version=\u00a0\u00bb4.21.0&Prime; _module_preset=\u00a0\u00bbdefault\u00a0\u00bb global_colors_info=\u00a0\u00bb{}\u00a0\u00bb][et_pb_image src=\u00a0\u00bbhttps:\/\/lif-tattoo.com\/wp-content\/uploads\/2023\/07\/Lif-portrait-1.png\u00a0\u00bb title_text=\u00a0\u00bbLif-portrait\u00a0\u00bb _builder_version=\u00a0\u00bb4.21.0&Prime; _module_preset=\u00a0\u00bbdefault\u00a0\u00bb background_color=\u00a0\u00bb#000000&Prime; width=\u00a0\u00bb100%\u00a0\u00bb custom_margin=\u00a0\u00bb|33px||||\u00a0\u00bb global_colors_info=\u00a0\u00bb{}\u00a0\u00bb][\/et_pb_image][\/et_pb_column][et_pb_column type=\u00a0\u00bb3_5&Prime; _builder_version=\u00a0\u00bb4.21.0&Prime; _module_preset=\u00a0\u00bbdefault\u00a0\u00bb global_colors_info=\u00a0\u00bb{}\u00a0\u00bb][et_pb_text _builder_version=\u00a0\u00bb4.21.0&Prime; _module_preset=\u00a0\u00bbdefault\u00a0\u00bb custom_padding=\u00a0\u00bb||0px|||\u00a0\u00bb hover_enabled=\u00a0\u00bb0&Prime; global_colors_info=\u00a0\u00bb{}\u00a0\u00bb sticky_enabled=\u00a0\u00bb0&Prime;]<\/p>\n<p style=\"text-align: left;\"><strong>Pr\u00e9sentation<\/strong><\/p>\n<p>Depuis 2013, Lif pratique l&rsquo;art du tatouage. En tant qu&rsquo;artiste autodidacte, elle a commenc\u00e9 par s&rsquo;entra\u00eener sur elle-m\u00eame, puis sur quelques proches. Gr\u00e2ce \u00e0 son talent et \u00e0 sa passion, elle s&rsquo;est rapidement install\u00e9e dans son premier studio, lui permettant d&rsquo;accueillir davantage de clients. En tant qu&rsquo;ind\u00e9pendante, Lif a fait du tatouage sa profession, se consacrant pleinement \u00e0 cet art.<\/p>\n<p>N\u00e9e en 1980 en Istanbul, Lif s&rsquo;est install\u00e9e \u00e0 Gen\u00e8ve avec ses parents dans le quartier de la Jonction \u00e0 l&rsquo;\u00e2ge de 2 ans. D\u00e8s son enfance, elle a \u00e9t\u00e9 passionn\u00e9e par le dessin, ce qui l&rsquo;a guid\u00e9e vers une carri\u00e8re artistique. Entre l&rsquo;illustration, le graffiti et le tatouage, Lif est une artiste pluridisciplinaire qui a su trouver sa place au sein de la sc\u00e8ne artistique genevoise. Sa ma\u00eetrise des diff\u00e9rents styles artistiques lui permet de cr\u00e9er des tatouages uniques et expressifs, en harmonie avec les id\u00e9es et les pr\u00e9f\u00e9rences de ses clients.<\/p>\n<p><strong><\/strong><\/p>\n<p><strong>Presse<\/strong><\/p>\n<p>Lights Magazine Vol. 1 &#8211; 15.02.2018<br \/><a href=\"https:\/\/www.tdg.ch\/culture\/lif-aiguise-art-encre\/story\/12144774\" target=\"new\" rel=\"noopener\">Tribune de Gen\u00e8ve &#8211; 15.08.2018<\/a><\/p>\n<p>&nbsp;<\/p>\n<p>[\/et_pb_text][\/et_pb_column][\/et_pb_row][\/et_pb_section][et_pb_section fb_built=\u00a0\u00bb1&Prime; _builder_version=\u00a0\u00bb4.21.0&Prime; _module_preset=\u00a0\u00bbdefault\u00a0\u00bb background_color=\u00a0\u00bb#FFFFFF\u00a0\u00bb custom_padding=\u00a0\u00bb4px|||||\u00a0\u00bb global_colors_info=\u00a0\u00bb{}\u00a0\u00bb][et_pb_row column_structure=\u00a0\u00bb2_5,3_5&Prime; _builder_version=\u00a0\u00bb4.21.0&Prime; _module_preset=\u00a0\u00bbdefault\u00a0\u00bb global_colors_info=\u00a0\u00bb{}\u00a0\u00bb][et_pb_column type=\u00a0\u00bb2_5&Prime; _builder_version=\u00a0\u00bb4.21.0&Prime; _module_preset=\u00a0\u00bbdefault\u00a0\u00bb global_colors_info=\u00a0\u00bb{}\u00a0\u00bb][et_pb_text _builder_version=\u00a0\u00bb4.21.0&Prime; _module_preset=\u00a0\u00bbdefault\u00a0\u00bb global_colors_info=\u00a0\u00bb{}\u00a0\u00bb]<\/p>\n<p><strong>Contact<\/strong><\/p>\n<p>Lif Tattoo &amp; Art Gallery<br \/>Rue Sismondi 6 &#8211; P\u00e2quis &#8211; 1201 Gen\u00e8ve<\/p>\n<p>Lif vous re\u00e7oit sur rendez-vous exclusivement:<\/p>\n<p>mail <a href=\"mailto:contact@lif-tattoo.com\">contact@lif-tattoo.com<\/a><br \/>mobile 079 711 80 42<\/p>\n<p>&nbsp;<\/p>\n<p><strong>Instagram<\/strong><\/p>\n<p><a href=\"https:\/\/www.instagram.com\/liftattoo\/\">LifTattoo (@liftattoo)<\/a><\/p>\n<p>&nbsp;<\/p>\n<p>&nbsp;<\/p>\n<p>&nbsp;<\/p>\n<p>[\/et_pb_text][\/et_pb_column][et_pb_column type=\u00a0\u00bb3_5&Prime; _builder_version=\u00a0\u00bb4.21.0&Prime; _module_preset=\u00a0\u00bbdefault\u00a0\u00bb global_colors_info=\u00a0\u00bb{}\u00a0\u00bb][et_pb_code _builder_version=\u00a0\u00bb4.21.0&Prime; _module_preset=\u00a0\u00bbdefault\u00a0\u00bb global_colors_info=\u00a0\u00bb{}\u00a0\u00bb]<iframe src=\"https:\/\/www.google.com\/maps\/embed?pb=!1m18!1m12!1m3!1d2761.0209634992425!2d6.145129876756106!3d46.21003797109601!2m3!1f0!2f0!3f0!3m2!1i1024!2i768!4f13.1!3m3!1m2!1s0x478c6597f99bf701%3A0x41a9463a5b069552!2sLif%20Tattoo%20%26%20Art%20Gallery%20(chez%20Brut)!5e0!3m2!1sfr!2sch!4v1689085001610!5m2!1sfr!2sch\" width=\"600\" height=\"450\" style=\"border:0;\" allowfullscreen=\"\" loading=\"lazy\" referrerpolicy=\"no-referrer-when-downgrade\"><\/iframe>[\/et_pb_code][\/et_pb_column][\/et_pb_row][\/et_pb_section]<\/p>\n","protected":false},"excerpt":{"rendered":"<p>Bienvenue dans l&rsquo;univers cr\u00e9atif de Lif Tattoo Install\u00e9e aux P\u00e2quis, au c\u0153ur de Gen\u00e8ve en Suisse, Lif vous accueille sur rendez-vous dans son salon, o\u00f9 elle mettra tout en \u0153uvre pour donner vie \u00e0 vos id\u00e9es et concr\u00e9tiser vos projets de tatouage. Que vous recherchiez un tatouage d\u00e9licat et minimaliste ou un projet plus complexe [&hellip;]<\/p>\n","protected":false},"author":1,"featured_media":0,"parent":0,"menu_order":0,"comment_status":"closed","ping_status":"closed","template":"","meta":{"_et_pb_use_builder":"on","_et_pb_old_content":"","_et_gb_content_width":"","footnotes":""},"class_list":["post-36","page","type-page","status-publish","hentry"],"_links":{"self":[{"href":"https:\/\/lif-tattoo.com\/index.php?rest_route=\/wp\/v2\/pages\/36","targetHints":{"allow":["GET"]}}],"collection":[{"href":"https:\/\/lif-tattoo.com\/index.php?rest_route=\/wp\/v2\/pages"}],"about":[{"href":"https:\/\/lif-tattoo.com\/index.php?rest_route=\/wp\/v2\/types\/page"}],"author":[{"embeddable":true,"href":"https:\/\/lif-tattoo.com\/index.php?rest_route=\/wp\/v2\/users\/1"}],"replies":[{"embeddable":true,"href":"https:\/\/lif-tattoo.com\/index.php?rest_route=%2Fwp%2Fv2%2Fcomments&post=36"}],"version-history":[{"count":22,"href":"https:\/\/lif-tattoo.com\/index.php?rest_route=\/wp\/v2\/pages\/36\/revisions"}],"predecessor-version":[{"id":29052,"href":"https:\/\/lif-tattoo.com\/index.php?rest_route=\/wp\/v2\/pages\/36\/revisions\/29052"}],"wp:attachment":[{"href":"https:\/\/lif-tattoo.com\/index.php?rest_route=%2Fwp%2Fv2%2Fmedia&parent=36"}],"curies":[{"name":"wp","href":"https:\/\/api.w.org\/{rel}","templated":true}]}}